{"id":644,"date":"2018-06-18T14:12:35","date_gmt":"2018-06-18T17:12:35","guid":{"rendered":"https:\/\/iescoloniaelisa-cha.infd.edu.ar\/sitio\/?page_id=644"},"modified":"2024-04-03T17:22:49","modified_gmt":"2024-04-03T20:22:49","slug":"catalogo","status":"publish","type":"page","link":"https:\/\/iescoloniaelisa-cha.infd.edu.ar\/sitio\/catalogo\/","title":{"rendered":"Carreras Vigentes"},"content":{"rendered":"\n<p><\/p>\n\n\n\n<p><strong>Profesorado en Educaci\u00f3n Secundaria en Lengua y Literatura<\/strong><\/p>\n\n\n\n<p><strong>Profesorado <strong>en Educaci\u00f3n Secundaria<\/strong><\/strong> <strong>en Geograf\u00eda<\/strong><\/p>\n\n\n\n<p><strong>Profesorado de Educaci\u00f3n Inicial<\/strong><\/p>\n\n\n\n<p><strong>Profesorado en Educaci\u00f3n Primaria<\/strong><\/p>\n\n\n\n<p><strong>Profesorado <strong>en Educaci\u00f3n Secundaria<\/strong><\/strong> <strong>en Agronom\u00eda<\/strong><\/p>\n\n\n\n<p><strong>Profesorado <strong>en Educaci\u00f3n Secundaria<\/strong><\/strong> <strong>para la Educaci\u00f3n Tecnol\u00f3gica<\/strong><\/p>\n\n\n\n<p><strong>Profesorado de Educaci\u00f3n Superior en Ciencias de la Educaci\u00f3n<\/strong><\/p>\n\n\n\n<p><strong>Tecnicatura Superior en administraci\u00f3n de Empresas Agroalimentarias<\/strong><\/p>\n\n\n\n<p><strong>Tecnicatura Superior en Gesti\u00f3n de la Producci\u00f3n Agropecuaria<\/strong><\/p>\n\n\n\n<p class=\"has-text-align-center\"><strong><mark style=\"background-color:var(--base)\" class=\"has-inline-color has-accent-color\">Para ver los planes de estudio y dise\u00f1os curriculares clases<a rel=\"noreferrer noopener\" href=\"https:\/\/iescoloniaelisa-cha.infd.edu.ar\/sitio\/catalogo\/plan-de-estudio\/\" target=\"_blank\"> hac\u00e9 click ac\u00e1.<\/a><\/mark><\/strong><\/p>\n\n\n\n<pre class=\"wp-block-code\"><code><\/code><\/pre>\n\n\n","protected":false},"excerpt":{"rendered":"<p>Profesorado en Educaci\u00f3n Secundaria en Lengua y Literatura Profesorado en Educaci\u00f3n Secundaria en Geograf\u00eda Profesorado de Educaci\u00f3n Inicial Profesorado en Educaci\u00f3n Primaria Profesorado en Educaci\u00f3n Secundaria en Agronom\u00eda Profesorado en Educaci\u00f3n Secundaria para la Educaci\u00f3n Tecnol\u00f3gica Profesorado de Educaci\u00f3n Superior en Ciencias de la Educaci\u00f3n Tecnicatura Superior en administraci\u00f3n de Empresas Agroalimentarias Tecnicatura Superior en &#8230; <a title=\"Carreras Vigentes\" class=\"read-more\" href=\"https:\/\/iescoloniaelisa-cha.infd.edu.ar\/sitio\/catalogo\/\" aria-label=\"More on Carreras Vigentes\">[+]<\/a><\/p>\n","protected":false},"author":6,"featured_media":0,"parent":0,"menu_order":0,"comment_status":"closed","ping_status":"closed","template":"","meta":[],"acf":[],"_links":{"self":[{"href":"https:\/\/iescoloniaelisa-cha.infd.edu.ar\/sitio\/wp-json\/wp\/v2\/pages\/644"}],"collection":[{"href":"https:\/\/iescoloniaelisa-cha.infd.edu.ar\/sitio\/wp-json\/wp\/v2\/pages"}],"about":[{"href":"https:\/\/iescoloniaelisa-cha.infd.edu.ar\/sitio\/wp-json\/wp\/v2\/types\/page"}],"author":[{"embeddable":true,"href":"https:\/\/iescoloniaelisa-cha.infd.edu.ar\/sitio\/wp-json\/wp\/v2\/users\/6"}],"replies":[{"embeddable":true,"href":"https:\/\/iescoloniaelisa-cha.infd.edu.ar\/sitio\/wp-json\/wp\/v2\/comments?post=644"}],"version-history":[{"count":18,"href":"https:\/\/iescoloniaelisa-cha.infd.edu.ar\/sitio\/wp-json\/wp\/v2\/pages\/644\/revisions"}],"predecessor-version":[{"id":1252,"href":"https:\/\/iescoloniaelisa-cha.infd.edu.ar\/sitio\/wp-json\/wp\/v2\/pages\/644\/revisions\/1252"}],"wp:attachment":[{"href":"https:\/\/iescoloniaelisa-cha.infd.edu.ar\/sitio\/wp-json\/wp\/v2\/media?parent=644"}],"curies":[{"name":"wp","href":"https:\/\/api.w.org\/{rel}","templated":true}]}}